 + 1845 = 5*l - z*s. Suppose -5*y + l + 570 = 3*q, -y + 182 = -q. What is the units digit of y?
5
Suppose -3*y = -15754 - 4205. What is the units digit of y?
3
What is the tens digit of ((-360174)/(-5))/(3336/2780)?
2
Let k(h) = 5*h**3 + 4*h**2 - 3*h - 2. Let c be k(3). Suppose 0 = 11*v - 9*v - c. What is the tens digit of v?
8
Let z = 3931 + -3062. What is the tens digit of z?
6
Suppose 0 = 12*s - 15*s - 3. Let t(j) = -373*j**3. What is the tens digit of t(s)?
7
What is the hundreds digit of (44/6 - -1)*(-85)/((-16150)/498522)?
8
Suppose p + 2207 = 478. Let d = -887 - p. What is the units digit of d?
2
Let i = 13617 + -13615. Let x(y) be the third derivative of 3*y**4/4 - y**3/2 - y**2. What is the tens digit of x(i)?
3
Let n(t) = -75*t**2 + 3*t - 4. Let u be n(2). Suppose 3*v = -62 - 424. Let q = v - u. What is the hundreds digit of q?
1
Let b(v) = 13*v**2 - v - 4. Let p be b(3). Let i = -450 + 492. Let w = p - i. What is the units digit of w?
8
Suppose 5*c - 4*w - 506 = -0*c, 4*c - 4*w - 408 = 0. Let a(p) = 21*p**2 + 2*p - 4. Let j be a(-3). Let u = j - c. What is the units digit of u?
1
Suppose -4*u = -1112*x + 1114*x - 19992, -4*u + 20016 = -x. What is the hundreds digit of u?
0
Let f(x) = 13*x**2 - 6*x - 14. Suppose 0 = 3*y + 2*d + 28, 0 = 4*y - 5*d + 2*d + 9. Let j be f(y). Suppose -8*w = -3*w - j. What is the tens digit of w?
9
Let y(f) = -f**3 + 49*f**2 - 15*f + 161. What is the thousands digit of y(41)?
2
What is the hundreds digit of (218808/120)/(1/5)?
1
Let i be ((-2)/3)/((-18)/(-189)). Let r(l) = 28*l + 244. What is the tens digit of r(i)?
4
Suppose -3*d + 7 = s, -2 = -s + 2*s. Suppose d*v = -p, 5*v + 40 = -5*p - 0*p. Let n = 73 - p. What is the units digit of n?
5
Let x = 214 - 216. What is the units digit of 1/2 + (-1937)/x?
9
Suppose -17*h = -9*h - 80. Suppose -h*t = -318 - 592. What is the units digit of t?
1
Suppose 1471*q = 1454*q + 37621. What is the thousands digit of q?
2
Suppose 274*z - 5853735 = -57*z. What is the tens digit of z?
8
Let f(m) = -m**3 + 12*m**2 + 10*m - 118. Let w be f(16). Let u = w + 2129. What is the units digit of u?
7
Let f(p) be the second derivative of -p**5/10 + 13*p**4/12 + 4*p**3/3 - 2*p**2 - 13*p. Let u be f(8). Let d = 198 + u. What is the units digit of d?
6
Let t(c) = -47*c + 155. Let d be t(3). Suppose d*b - 51104 = -18*b. What is the thousands digit of b?
1
Let g(o) = 6*o**2 - 36*o + 16. Let x be g(7). Suppose 0 = 2*h + 4*f - 1020, -x*f = -5*h - 53*f + 2550. What is the units digit of h?
0
Let k(n) = 27*n**2 + 9*n + 5. Let s be 54/135 - (-44)/(-10). What is the tens digit of k(s)?
0
Let w be 86/30 - ((-310)/75 + 4). Suppose x + w*x + 804 = 0. Let k = -123 - x. What is the units digit of k?
8
Let o(l) = 4*l**2 + l - 10. Let z be o(-10). Suppose 5*y = 2*w - 899, -5*y = -3*w - 2*w + 890. Let c = y + z. What is the units digit of c?
9
Suppose 14*j - 26435 - 72373 = -12428. What is the thousands digit of j?
6
Let g = 70 - 66. Suppose g*l - 1900 = -4*z, z - 1421 = -3*l - 4*z. What is the units digit of l?
7
Let u(y) = 2*y**3 - 354*y**2 - 344*y - 1530. What is the hundreds digit of u(178)?
6
Let n(z) = 4*z - 8. Let u(h) = 10*h - 2. Suppose 0 = 5*j - 2*f - 10, 4*j - 5*f = -2*f + 8. Let d be u(j). What is the units digit of n(d)?
4
Suppose 181 = 2*a - s, 5*a = -5*s + 269 + 206. Suppose -a*d + 96*d = 336. What is the units digit of d?
4
Suppose 77*r - 8*r - 1427454 = -57*r. What is the hundreds digit of r?
3
Suppose 5*j = g + 2218, j - 1784 = -3*j + 4*g. Suppose j = -5*t - 887. Let v = -154 - t. What is the units digit of v?
2
Suppose -99 = -2*v + i, v - i + 105 = 3*v. Let l = v - -155. Suppose 3*w = l + 139. What is the units digit of w?
5
Suppose h - 7 = -3*q + 4, h = -5*q + 15. Suppose -20 = -3*d - h. Suppose 1576 = d*y + 3*y. What is the hundreds digit of y?
1
Let m = -181 + 461. Let d = 902 + m. What is the thousands digit of d?
1
Let i = 1365 - -222. Let z = i + -1018. What is the tens digit of z?
6
Let f = 6 + -4. Suppose h - 3*x - 17 = -4*h, -f*x = 4*h - 18. Suppose -c - 3*n + 72 = 0, -h*c + 5*n + 96 = -3*c. What is the tens digit of c?
8
Suppose -12*u + 7*u + o = -1017, 4*u = 2*o + 810. Suppose 198*m + 2658 = u*m. What is the units digit of m?
3
Let s = -56744 + 105775. What is the hundreds digit of s?
0
Suppose -t - 3*c = -5411, -327*t = -328*t - 4*c + 5410. What is the tens digit of t?
1
Let o = 20813 - -20408. What is the hundreds digit of o?
2
Let g(t) = -t**3 + 5*t**2 - 4*t. Let l be g(4). Suppose 2*d + 7*u - 819 = l, -755 - 1246 = -5*d - 2*u. What is the hundreds digit of d?
3
Suppose -313 - 200 = -19*j. What is the tens digit of -2 + 603 - (j + -24)?
9
Let s = -289 + 105. Let k = 194 - s. What is the tens digit of k?
7
Let v be -1*(-5 + 2 + 4). Let r(f) = -341*f**2 + f + 2. Let h be r(v). Let j = h + 482. What is the units digit of j?
2
Let f(u) = -13*u - 216. Let c be f(8). What is the hundreds digit of 1 - c - (-128 + 128)?
3
Let k = -280 + 2683. What is the units digit of k?
3
Let o = 489 - 239. Let t(n) = -32*n + 139. Let i be t(-7). Let k = i - o. What is the tens digit of k?
1
Let b = -1838 - -5236. Suppose -4*c + 5*r = -b, 4*c - 2*r = -0*c + 3392. What is the tens digit of c?
4
Let f(o) = -o**2 + 11*o - 8. Let v be f(14). Let u = v - -288. What is the units digit of u?
8
Suppose 2*a - 1457 = 2993. What is the tens digit of a?
2
Suppose -2*r = -3*k + 2*r + 18, -5*r = -2*k + 19. Suppose -4*w + k*l + 1647 = l, 5*w + 5*l = 2065. What is the hundreds digit of w?
4
Let p = -13060 - -18535. What is the thousands digit of p?
5
Suppose 3*z + j - 6*j - 13944 = 0, 0 = 5*j. Suppose 0 = 498*k - 506*k + z. What is the units digit of k?
1
Suppose -2*w - 5*n + 5 = 0, 3*n = -5*w + 21 - 18. Suppose w = 13*h + 13*h - 9880. What is the units digit of h?
0
Suppose -233 = 12*r - 1145. Let u = r + -76. Suppose -g - 3*v - 24 + 221 = u, 0 = 4*v - 16. What is the tens digit of g?
8
Let g = 1119 + -660. Suppose -r - x - g = -1131, 3*r - 2*x = 2036. What is the hundreds digit of r?
6
Suppose -b + a + 8 + 1 = 0, -5*b - 4*a = -63. Suppose 0 = -10*k + b*k - 15. Suppose -k*l = -12*l - 492. What is the hundreds digit of l?
1
Suppose 4*v = 2*v, 4*r - 32 = 5*v. Suppose r*j - j = -1834. Let l = j + 382. What is the tens digit of l?
2
Let m be (3 - (0 + 4))/(7/(-14)). Let j(z) = 100*z**2 + 4*z - 7. What is the hundreds digit of j(m)?
4
Let f = 260 - 400. Suppose 848 = -4*j + 5*w - 2*w, 4*w + 848 = -4*j. Let u = f - j. What is the tens digit of u?
7
Suppose 14*z = 79569 + 401527. What is the hundreds digit of z?
3
Let u(m) be the first derivative of 76*m**3/3 - m**2/2 + m + 1. Let q be u(-4). Suppose 6*v = -5*v + q. What is the tens digit of v?
1
Suppose 4*u = -2*t + 26644, -2*t = -25*u + 24*u - 26609. What is the ten thousands digit of t?
1
Suppose -7*w + 105348 = -99829. What is the units digit of w?
1
Suppose -4*u + 5*u - 479 = 0. Let v = u - -451. What is the units digit of v?
0
Suppose -2*m + 64 = -3*x - 363, -9 = -3*x. Suppose 4 = 15*a - 14 + 3. What is the units digit of (a - (2 - 3)) + m?
0
Suppose 456*v - 451*v + 6916 = 3*k, -3*k - 3*v + 6924 = 0. What is the tens digit of k?
0
Suppose -11*n = -7*n + 84. Let f be (-1*(-196)/6)/(n/(-63)). Suppose -2*t + 3*v = -313, 0 = -t + v + f + 56. What is the hundreds digit of t?
1
Suppose -44*n + 39*n = -2*a + 67920, 4*a + 2*n = 135888. What is the thousands digit of a?
3
Let c(s) be the third derivative of 4*s**4/3 - 13*s**3/3 + 106*s**2. What is the hundreds digit of c(4)?
1
Suppose 10*r - 55789 - 361942 = 35929. What is the units digit of r?
6
Let k(p) be the third derivative of 0*p - 1/12*p**4 + 16*p**2 - 1/6*p**3 + 1/30*p**5 + 0. What is the units digit of k(-2)?
1
Let c(v) = 824*v**2 - 105*v - 105. What is the hundreds digit of c(-9)?
5
Suppose 18 + 7 = 5*y, 2*y = -3*g - 2. What is the units digit of (-13 - g)*(-290)/3?
0
Suppose 0 = -505*a + 504*a + 30. Suppose -a*i + 1473 = -27*i. What is the tens digit of i?
9
Suppose -3*r = 4*j - 40040, 192*r - 189*r = 0. What is the tens digit of j?
1
Suppose -4*j = -2*t - 61980, 2*j = 3*t - 5*t + 30978. What is the hundreds digit of j?
4
What is the tens digit of (((-698)/(-3))/(4*17/(-510)))/(-1)?
4
Let s(r) = 17 - 41 + r**2 - 9*r + 36. Let m be s(9). Let t(d) = -d**2 + 14*d - 2. What is the tens digit of t(m)?
2
S